s 20113320201 + 12?
20113320213
In base 15, what is ed074 + 4?
ed078
In base 6, what is -102241105 - -554?
-102240111
In base 5, what is -1222 - -124044343?
124043121
In base 13, what is -5 - -2124c558?
2124c553
In base 16, what is -3cbfa62 + 2?
-3cbfa60
In base 9, what is 1352181 - 175?
1352005
In base 15, what is 2c - 72b18?
-72adb
In base 7, what is 33364115 - -10?
33364125
In base 8, what is 60 - 176440?
-176360
In base 2, what is 1100111110110101 - 1000110110010?
1011111000000011
In base 4, what is 23133 - 11230012?
-11200213
In base 15, what is -3 - 26874e0?
-26874e3
In base 10, what is -3 + -165758?
-165761
In base 3, what is 1011111002020010 - -1?
1011111002020011
In base 10, what is 12604532 - 0?
12604532
In base 15, what is c8 + -28e?
-1b6
In base 14, what is -6540 - 20b?
-674b
In base 7, what is 5522540643 - 0?
5522540643
In base 9, what is -18614371 - 2?
-18614373
In base 11, what is 5 + -6070574a?
-60705745
In base 14, what is 100 + -d20?
-c20
In base 15, what is 141 + 1850b6?
185207
In base 2, what is 10001000 - -111001000001111010010?
111001000010001011010
In base 16, what is ba3f + -606?
b439
In base 11, what is 1293351 + -4?
1293348
In base 2, what is -10000001111100101 + -1111000010?
-10000011110100111
In base 3, what is -200010 - 102220122212?
-102221022222
In base 14, what is 2ab1d437 + 2?
2ab1d439
In base 8, what is 62636 - -7041?
71677
In base 3, what is -11101 - -110001110012221?
110001110001120
In base 3, what is -110 + -120112100?
-120112210
In base 14, what is 38 + -1753d?
-17505
In base 2, what is -10110100110011101101011001 + 1?
-10110100110011101101011000
In base 8, what is -51 + 167337?
167266
In base 9, what is -621 - -235140?
234418
In base 11, what is 42 + -38201?
-3816a
In base 16, what is -20 - -19202?
191e2
In base 14, what is -2 - 601c68?
-601c6a
In base 7, what is -11265 + -33516?
-45114
In base 16, what is f6c2f + 4?
f6c33
In base 7, what is 13 - -6423532?
6423545
In base 9, what is 13507 - 781?
12616
In base 6, what is -2 + -4302212102?
-4302212104
In base 3, what is 12011 - 111122100?
-111110012
In base 11, what is a + aa5332?
aa5341
In base 11, what is -5 - -70a0a43?
70a0a39
In base 6, what is -222242 + 1000?
-221242
In base 12, what is -21b414a31 + 1?
-21b414a30
In base 11, what is 57814 + 42?
57856
In base 16, what is -15c - 4657d?
-466d9
In base 7, what is 1112523 + 2552?
1115405
In base 16, what is 1 + 4a06ea?
4a06eb
In base 11, what is -2 + -a0772?
-a0774
In base 14, what is 6 + -c539ca?
-c539c4
In base 2, what is 1111011100101 + -1010010000?
1110001010101
In base 14, what is 3 + 5ab126?
5ab129
In base 16, what is -6d3 - -55b4?
4ee1
In base 9, what is -53 - 1534631?
-1534684
In base 2, what is 10001000010000101110100010 - -1100?
10001000010000101110101110
In base 9, what is 26 + -16655184?
-16655157
In base 3, what is 20201120 - 2101210100?
-2011001210
In base 12, what is -7320 + -347a?
-a79a
In base 12, what is 2b267909 + -7?
2b267902
In base 6, what is -52454 + 22415?
-30035
In base 3, what is 21100211001000 - -210?
21100211001210
In base 3, what is -1110202101 - 122121?
-1111101222
In base 14, what is -542 - -13d5?
c93
In base 12, what is 45505 - 1127?
4439a
In base 13, what is 2 - -8a6c7b8?
8a6c7ba
In base 5, what is 122202110423 - -3?
122202110431
In base 7, what is 246202 + 34640?
314142
In base 8, what is -4 - -10246272?
10246266
In base 11, what is -1612304 - -3?
-1612301
In base 6, what is 125514035 + 0?
125514035
In base 9, what is -1357 - -116484?
115126
In base 9, what is -6 + 2470788?
2470782
In base 5, what is -3 - -1314422421?
1314422413
In base 10, what is 1842 - 64?
1778
In base 9, what is -64 + 524761?
524686
In base 11, what is 86 + -36660?
-36585
In base 3, what is -111021120000 - -1102112?
-111020010111
In base 14, what is -1b7c3 - 1a02?
-1d3c5
In base 9, what is 51 - 671560?
-671508
In base 6, what is -535 + 31421?
30442
In base 8, what is 15024161 - 0?
15024161
In base 5, what is 2104203100 + 221?
2104203321
In base 7, what is -56034636 - 21?
-56034660
In base 2, what is -1000101010110011 - -10001011011?
-1000011001011000
In base 13, what is 42c9b7a1 - 0?
42c9b7a1
In base 11, what is -1 - -6737907?
6737906
In base 15, what is e61 - 2928?
-19b7
In base 7, what is -1351521056 - -1?
-1351521055
In base 3, what is 10 + 100012222001002?
100012222001012
In base 15, what is -34 + -59d33?
-59d67
In base 5, what is -114222130332 - -4?
-114222130323
In base 13, what is -373 - -6110?
5a6a
In base 12, what is -508768 - -4?
-508764
In base 2, what is -1001110111 - -100110001101?
11100010110
In base 16, what is 2b8 + -328?
-70
In base 12, what is 140 - 317241?
-317101
In base 9, what is -2515 - 27362?
-30877
In base 2, what is -1 - 1101101011011011001001100?
-1101101011011011001001101
In base 8, what is -22100 - 12133?
-34233
In base 16, what is -5ca5 + -16e?
-5e13
In base 16, what is 52b + 29ba?
2ee5
In base 5, what is 3044 - 2123031?
-2114432
In base 5, what is 132231 - 144000?
-11214
In base 4, what is -210322131 + 10322?
-210311203
In base 6, what is 141151 + -14103?
123044
In base 7, what is 1043 - -13034635?
13036011
In base 9, what is 4 + -11284100?
-11284085
In base 9, what is 108 - 48348?
-48240
In base 5, what is -4 - -30343340110?
30343340101
In base 4, what is 1020303031333 + -1?
1020303031332
In base 2, what is 10000000001101 - 100001110101?
1011110011000
In base 8, what is -1213 + 2677?
1464
In base 15, what is 13b - dc272?
-dc136
In base 7, what is -14 - -12525412?
12525365
In base 10, what is 4 - 2837778?
-2837774
In base 2, what is 1101011011100 - -1100011110001011?
1110001001100111
In base 13, what is 237 - 53756?
-5351c
In base 2, what is -1 - -1111011110001110110?
1111011110001110101
In base 8, what is 42751 - -6?
42757
In base 11, what is 579 + -126379?
-125900
In base 7, what is 541 + -3411210?
-3410336
In base 6, what is 4454005 + -1322?
4452243
In base 2, what is -10011101111000101101110 - 10?
-10011101111000101110000
In base 12, what is 2 - b69329?
-b69327
In base 3, what is 11102201 + 1110010?
12212211
In base 11, what is 986 + -481761?
-480886
In base 13, what is 68c58 - -341?
69299
In base 14, what is 10bb + 768?
1845
In base 5, what is -11030134 + 11124?
-11014010
In base 10, what is -1092 - 839098?
-840190
In base 11, what is 122a + -5712?
-4493
In base 7, what is 1450131103 + 2?
1450131105
In base 11, what is -13 + 55819a6?
5581993
In base 10, what is -4455 - 131501?
-135956
In base 16, what is -1c7db + 2d6?
-1c505
In base 4, what is -1133321220213 - 11?
-1133321220230
In base 6, what is -121525042 - -2?
-121525040
In base 4, what is -10120031300 - -3?
-10120031231
In base 8, what is 20 + 35005625?
35005645
In base 12, what is -55159b7 - 0?
-55159b7
In base 9, what is 11103147 - 2?
11103145
In base 5, what is 4432 + 12141134?
12201121
In base 7, what is -10600 + -24424?
-35324
In base 15, what is -3 + -53816aa?
-53816ad
In base 6, what is -5 + 34413411321?
34413411312
In base 9, what is 2512 - -261814?
264426
In base 3, what is -201 + -1102220020000002?
-1102220020000210
In base 10, what is -2436309 + -33?
-2436342
In base 2, what is 1001 - -11001111000010011100?
11001111000010100101
In base 14, what is 1cd76d68 + 2?
1cd76d6a
In base 4, what is -11332022 - -3013?
-11323003
In base 2, what is -101 + 1100001011011001101101001100?
1100001011011001101101000111
In base 16, what is 1a084 - -41d?
1a4a1
In base 10, what is 55 - 187006?
-186951
In base 6, what is 22 - -41124133?
41124155
In base 12, what is -244 + 1000a?
b986
In base 13, what is 80850a + 14?
808521
In base 14, what is 3 - 48c7a7?
-48c7a4
In base 4, what is -1 + -102310332322?
-102310332323
In base 10, what is 6221560 - 54?
6221506
In base 13, what is -9626757 - 5?
-962675c
In base 5, what is -244223020122 + -1?
-244223020123
In base 8, what is -776475743 - 5?
-776475750
In base 16, what is -c6 - 7f6?
-8bc
In base 14, what is 367b85 - 5?
367b80
In base 10, what is -117 - 3550227?
-3550344
In base 13, what is -39 + 1454c6?
14548a
In base 15, what is -15d42966 - -4?
-15d42962
In base 12, what is b24595 - 20?
b24575
In base 14, what is -9002 - 1242?
-a244
In base 12, what is 8109 + -462?
7867
In base 10, what is 1446 + -2471?
-1025
In base 13, what is 5 + 805262?
805267
In base 5, what is -10431 + 1